{"id":983,"date":"2023-09-05T21:36:22","date_gmt":"2023-09-05T19:36:22","guid":{"rendered":"https:\/\/kistemplom.dedipage.hu\/?page_id=983"},"modified":"2026-03-24T22:31:38","modified_gmt":"2026-03-24T21:31:38","slug":"nyitvatartas","status":"publish","type":"page","link":"https:\/\/kistemplom.dedipage.hu\/index.php\/nyitvatartas\/","title":{"rendered":"Nyitvatart\u00e1s"},"content":{"rendered":"<div data-colibri-id=\"983-c1\" class=\"style-1414 style-local-983-c1 position-relative\">\n  <!---->\n  <div data-colibri-component=\"section\" data-colibri-id=\"983-c5\" id=\"about\" class=\"h-section h-section-global-spacing d-flex align-items-lg-center align-items-md-center align-items-center style-1418 style-local-983-c5 position-relative\">\n    <!---->\n    <!---->\n    <div class=\"h-section-grid-container h-section-boxed-container\">\n      <!---->\n      <div data-colibri-id=\"983-c6\" class=\"h-row-container gutters-row-lg-2 gutters-row-md-2 gutters-row-2 gutters-row-v-lg-2 gutters-row-v-md-2 gutters-row-v-2 style-1419 style-local-983-c6 position-relative\">\n        <!---->\n        <div class=\"h-row justify-content-lg-center justify-content-md-center justify-content-center align-items-lg-stretch align-items-md-stretch align-items-stretch gutters-col-lg-2 gutters-col-md-2 gutters-col-2 gutters-col-v-lg-2 gutters-col-v-md-2 gutters-col-v-2\">\n          <!---->\n          <div class=\"h-column h-column-container d-flex h-col-lg-auto h-col-md-auto h-col-auto style-1420-outer style-local-983-c7-outer\">\n            <div data-colibri-id=\"983-c7\" class=\"d-flex h-flex-basis h-column__inner h-px-lg-2 h-px-md-2 h-px-2 v-inner-lg-2 v-inner-md-2 v-inner-2 style-1420 style-local-983-c7 position-relative\">\n              <!---->\n              <!---->\n              <div class=\"w-100 h-y-container h-column__content h-column__v-align flex-basis-100 align-self-lg-center align-self-md-center align-self-center\">\n                <!---->\n                <div data-colibri-id=\"983-c8\" class=\"h-global-transition-all h-heading style-1421 style-local-983-c8 position-relative h-element\">\n                  <!---->\n                  <div class=\"h-heading__outer style-1421 style-local-983-c8\">\n                    <!---->\n                    <!---->\n                    <h5 class=\"\">Nyitvatart\u00e9s<\/h5>\n                  <\/div>\n                <\/div>\n                <div data-colibri-id=\"983-c9\" class=\"h-global-transition-all h-heading style-1422 style-local-983-c9 position-relative h-element\">\n                  <!---->\n                  <div class=\"h-heading__outer style-1422 style-local-983-c9\">\n                    <!---->\n                    <!---->\n                    <h2 class=\"\">Templomunk \u00e1prilist\u00f3l lesz nyitva<\/h2>\n                  <\/div>\n                <\/div>\n              <\/div>\n            <\/div>\n          <\/div>\n          <div class=\"h-column h-column-container d-flex h-col-lg-auto h-col-md-auto h-col-auto style-1426-outer style-local-983-c13-outer\">\n            <div data-colibri-id=\"983-c13\" class=\"d-flex h-flex-basis h-column__inner h-px-lg-2 h-px-md-2 h-px-2 v-inner-lg-2 v-inner-md-2 v-inner-2 style-1426 style-local-983-c13 position-relative\">\n              <!---->\n              <!---->\n              <div class=\"w-100 h-y-container h-column__content h-column__v-align flex-basis-100 align-self-lg-center align-self-md-center align-self-center\">\n                <!---->\n                <div data-colibri-id=\"983-c14\" class=\"d-block style-1427 style-local-983-c14 position-relative h-element\">\n                  <!---->\n                  <div class=\"h-image__frame-container-outer\">\n                    <div class=\"h-image__frame-container\">\n                      <!---->\n                      <!---->\n                      <img fetchpriority=\"high\" decoding=\"async\" width=\"451\" height=\"450\" src=\"https:\/\/kistemplom.dedipage.hu\/wp-content\/uploads\/2023\/05\/cropped-kistemplom2.jpg\" class=\"wp-image-4986 style-1427-image style-local-983-c14-image\" alt=\"\" srcset=\"https:\/\/kistemplom.dedipage.hu\/wp-content\/uploads\/2023\/05\/cropped-kistemplom2.jpg 451w, https:\/\/kistemplom.dedipage.hu\/wp-content\/uploads\/2023\/05\/cropped-kistemplom2-300x300.jpg 300w, https:\/\/kistemplom.dedipage.hu\/wp-content\/uploads\/2023\/05\/cropped-kistemplom2-150x150.jpg 150w\" sizes=\"(max-width: 451px) 100vw, 451px\" \/>\n                      <div class=\"h-image__frame h-hide-sm style-1427-frameImage style-local-983-c14-frameImage\"><\/div>\n                    <\/div>\n                  <\/div>\n                <\/div>\n              <\/div>\n            <\/div>\n          <\/div>\n        <\/div>\n      <\/div>\n    <\/div>\n  <\/div>\n<\/div>","protected":false},"excerpt":{"rendered":"<p>Nyitvatart\u00e9s Templomunk \u00e1prilist\u00f3l lesz nyitva<\/p>\n","protected":false},"author":1,"featured_media":0,"parent":0,"menu_order":0,"comment_status":"closed","ping_status":"closed","template":"page-templates\/full-width-page.php","meta":{"_eb_attr":"","ngg_post_thumbnail":0,"footnotes":""},"class_list":["post-983","page","type-page","status-publish","hentry"],"rttpg_featured_image_url":null,"rttpg_author":{"display_name":"szilagyijanos","author_link":"https:\/\/kistemplom.dedipage.hu\/index.php\/author\/szilagyijanos\/"},"rttpg_comment":0,"rttpg_category":null,"rttpg_excerpt":"Nyitvatart\u00e9s Templomunk \u00e1prilist\u00f3l lesz nyitva","_links":{"self":[{"href":"https:\/\/kistemplom.dedipage.hu\/index.php\/wp-json\/wp\/v2\/pages\/983","targetHints":{"allow":["GET"]}}],"collection":[{"href":"https:\/\/kistemplom.dedipage.hu\/index.php\/wp-json\/wp\/v2\/pages"}],"about":[{"href":"https:\/\/kistemplom.dedipage.hu\/index.php\/wp-json\/wp\/v2\/types\/page"}],"author":[{"embeddable":true,"href":"https:\/\/kistemplom.dedipage.hu\/index.php\/wp-json\/wp\/v2\/users\/1"}],"replies":[{"embeddable":true,"href":"https:\/\/kistemplom.dedipage.hu\/index.php\/wp-json\/wp\/v2\/comments?post=983"}],"version-history":[{"count":1,"href":"https:\/\/kistemplom.dedipage.hu\/index.php\/wp-json\/wp\/v2\/pages\/983\/revisions"}],"predecessor-version":[{"id":4998,"href":"https:\/\/kistemplom.dedipage.hu\/index.php\/wp-json\/wp\/v2\/pages\/983\/revisions\/4998"}],"wp:attachment":[{"href":"https:\/\/kistemplom.dedipage.hu\/index.php\/wp-json\/wp\/v2\/media?parent=983"}],"curies":[{"name":"wp","href":"https:\/\/api.w.org\/{rel}","templated":true}]}}